 -10 = 5*k. What is the units digit of x?
4
Let g = 70 + -126. Let q = -20 - g. What is the units digit of q?
6
Let i = 15 + 24. Suppose -5*k - i = 3*u - 1086, 0 = 3*u - 5*k - 1047. What is the tens digit of u?
4
Let c be (-3)/(-12)*0/(-4). Suppose -2*a - 136 = -4*u + 26, c = 3*a + 9. Let h = u + -17. What is the units digit of h?
2
Let f be (-1 + 3)*1*9/(-18). What is the tens digit of (f - 295/3)/(10/(-60))?
9
Let j(a) = -98*a**3 + 52 - 64*a**3 - 54 - 3*a - a**2. What is the units digit of j(-1)?
2
Let u(c) = 40*c**2 - 35*c + 150. What is the tens digit of u(-7)?
5
Let m be (-28)/(-2) + 0/3. Let f(x) = x**2 + 4*x - 21. What is the hundreds digit of f(m)?
2
Suppose -13 = -9*c + 5. What is the hundreds digit of 34/(-68)*(c + -2248)?
1
Let t(b) = -b**3 + 8*b**2 - 10*b + 15. Let p be t(7). Let r be (-3)/(-2)*(-776)/p. Let u = r - 11. What is the units digit of u?
3
Let r = -7934 - -11285. What is the thousands digit of r?
3
Let t(w) be the first derivative of -15 + w**2 + 1/3*w**3 + 2*w. What is the tens digit of t(-8)?
5
Suppose 0 = -23*u - 4*u + 2187. Suppose -u*g + 89*g = 4880. What is the tens digit of g?
1
What is the tens digit of (4 - 0)*((-133874)/(-52) - 7)?
7
Suppose 5*l - h + 6*h - 1925 = 0, 5*h = -l + 373. Suppose -2*i + l = -702. Suppose 3*m - 338 = -4*p, -3*p + i = 3*m + 2*m. What is the hundreds digit of m?
1
Suppose -3*u = -9*u - 2*u. Suppose -4*d + 5*d - 2 = u. Suppose 5*p = 6 + 4, 4*j = d*p + 192. What is the tens digit of j?
4
Suppose 3*p - 69184 = -5*x, -58345 = -4*x + 4*p - 3017. What is the units digit of x?
5
Let p = -83 + 123. What is the hundreds digit of (p + -10)*(-2 - -6)?
1
Let w(c) = -5*c**2 + 190*c + 51. Let o(u) = -u**3 - 5*u**2 - 9*u - 19. Let d be o(-5). What is the units digit of w(d)?
1
Let d(v) = -508*v + 7. What is the hundreds digit of d(-5)?
5
Suppose 3*s = -5*u - 2, -3*u - 58 = -5*s - 16. Suppose -61 = -s*w + 47. What is the units digit of w?
8
Let a = 12542 + -3826. What is the tens digit of a?
1
What is the ten thousands digit of 8122/((192/36)/8)?
1
Let a(r) = 9*r**2 - 8*r - 770. What is the units digit of a(-33)?
5
Suppose 424*v - 419*v = -375. What is the hundreds digit of (-2)/10 + (-29340)/v?
3
Let v(y) = y**2 + 2*y + 24. Let x = 28 - 24. Suppose 20 = -5*z, 8*z - 24 = 4*d + x*z. What is the tens digit of v(d)?
0
Let k be (-26*6/(-4))/(-1). What is the units digit of 1/(-13) + (-9870)/k?
3
Let y(k) = 13*k**2 + 5*k + 3. Let n be y(-4). Suppose 3*t + 4*q = 5*q + 176, 224 = 4*t - 4*q. Let z = n - t. What is the tens digit of z?
3
Let q be ((54/(-4))/(-9))/((-3)/(-10)). Suppose 0*w = w + q*o - 197, w + 4*o = 195. Suppose -s = -p + 122, 179 = 3*p - 5*s - w. What is the tens digit of p?
2
Let k = 284 - 280. Suppose -5*p + 1177 = -k*i - 1565, 0 = -3*p - 5*i + 1660. What is the hundreds digit of p?
5
What is the hundreds digit of 2 - 4*(-2)/(-12) - 112091404/(-3111)?
0
What is the thousands digit of ((-22432)/6)/((-264)/792)?
1
Suppose 3*s - 1201 = -z - 480, -5*z + 5*s = -3545. Let p = 771 - z. What is the units digit of p?
9
Suppose -10*h = 9*h - 38. Suppose 0 = h*f - 4*f + 100. What is the tens digit of f?
5
Let j = -17275 - -17861. What is the units digit of j?
6
Let b(c) = 132*c + 212. Let p(s) = -44*s - 71. Let d(z) = -3*b(z) - 8*p(z). What is the tens digit of d(-20)?
1
What is the tens digit of (26234/1)/((-135)/(-18) + -6 - 1)?
6
Suppose o = -4*o + 1705. Let c = 1271 + o. What is the thousands digit of c?
1
Suppose g = -2*g + 4*k + 17, g - 9 = -2*k. Suppose 5*n + 3*b - 23 = 0, -29 = -3*n - g*b + 9*b. Suppose n*v + 488 = 1692. What is the tens digit of v?
7
What is the thousands digit of 252*(-248)/20*6/((-528)/275)?
9
Suppose 5*z - 2 = -27. What is the units digit of 111 + -9 + (-20)/z?
6
Let s(w) = -w**3 - 13*w**2 - 26*w. Suppose d - 6 = -3*u, u - 10 = 2*d - 1. Suppose -c = -5*c - 3*n - 47, 0 = -u*c + 2*n - 31. What is the tens digit of s(c)?
4
Let z(s) = 3751*s**2 - 258*s + 1014. What is the units digit of z(4)?
8
Let m be ((-3)/(-12))/((-4)/(-16))*3. Suppose -64 = -w - m*w. Let x(j) = j**2 - 11*j. What is the tens digit of x(w)?
8
Suppose -103*q + 106*q = 585. Suppose q = 7*i - 2234. What is the units digit of i?
7
Suppose 33*t = 413128 + 127478. What is the thousands digit of t?
6
Suppose k - 10 = 1. Let d(w) = w**3 - 6*w**2 - 10*w - 13. What is the tens digit of d(k)?
8
Let u = 5086 + 2164. What is the tens digit of u?
5
Let j = 338 + -514. Suppose 5*k = 4*k - 102. Let f = k - j. What is the units digit of f?
4
Suppose -5*m = 8*u - 3*u + 75, -5*u - 76 = 4*m. Suppose -v + 4*r = -30, -2*v + 9*r = 5*r - 56. Let d = v + u. What is the tens digit of d?
1
Let a be (6297 - (-12)/3) + 9. Suppose -a - 2499 = -5*b - u, u + 1763 = b. What is the thousands digit of b?
1
Suppose -5*d + 3*o = -93410, -4*d = 62*o - 63*o - 74728. What is the ten thousands digit of d?
1
Let v be 10*(-4)/(-12)*3. Suppose 313 = 3*m - 4*t, 0 = -9*m + v*m + 4*t - 99. What is the tens digit of m?
0
Suppose 0 = -3*z + 5*x - 2209, -3*z + 3*x - 2949 = z. Let c = 1322 + z. What is the units digit of c?
4
Let c(k) = 149*k**3 + 7*k**2 - 41*k - 56. What is the tens digit of c(5)?
3
Suppose 271 - 1136 = -5*y. Suppose -5*x + 385 = 2*d, 3*x + 719 = 3*d + y. What is the tens digit of d?
8
Let q be 3/((-3)/28*(-14)/(-21)). What is the hundreds digit of (q/(-18) - (4 - 1))*-543?
3
Let o = -17395 + 50055. What is the thousands digit of o?
2
Suppose -1653*m + 1642*m = -234696. What is the ten thousands digit of m?
2
Suppose 79023 = -12*t + 19*t. Suppose 5*d - t = -1429. What is the thousands digit of d?
1
Suppose -48*n + 100*n + 152*n - 6238320 = 0. What is the tens digit of n?
8
Let t be (-5 - -3)*9/2. Let h(j) be the third derivative of j**5/20 + 5*j**4/24 + 2*j**3 + 30*j**2 - 27. What is the units digit of h(t)?
0
What is the hundreds digit of 3/13 + (-4316470)/(-442)?
7
Suppose b + 288 = 5*b. Suppose b - 20 = y. Let t = y + 2. What is the units digit of t?
4
Let o(l) = 14*l**2 + l + 24*l**2 - 33*l**2 + 5 + 0*l. Let x = -2 + 9. What is the units digit of o(x)?
7
Let t be (0/(-2) + -15)/(4/12). What is the units digit of ((-774)/(-5))/((-18)/t)?
7
Let i be (-267)/(-39) + 58/377. Suppose i*c - 21*c = -504. What is the tens digit of c?
3
Let g = -388 + 375. Let t(n) = 3*n - 2. Let b(d) = -4*d + 1. Let q(x) = -2*b(x) - 3*t(x). What is the units digit of q(g)?
7
Suppose 392*a - 376*a - 109081 = -29385. What is the hundreds digit of a?
9
What is the thousands digit of ((-34)/(-68))/((-4)/(-17384))?
2
Let d be ((-135)/10 + 7)/(2/(-4)). Suppose -3*z = -d*z + 3710. What is the units digit of z?
1
Suppose 2*m = -12*m. Suppose 2*b + b - 351 = m. What is the tens digit of b?
1
Suppose 24606 = 40*r - 35*r + m, -r - 5*m = -4926. What is the units digit of r?
1
Suppose -3*u = 4*s - 16606, 2*u + s - 2705 = 8359. What is the thousands digit of u?
5
Suppose 0*n - 3*n - 29 = -4*c, 40 = 5*c - 5*n. Let k be 6/10 + 1067/c. What is the tens digit of (28/(-56))/((-1)/k)?
0
Let i be (2/(-3))/(28/54894). Let r = i + 2147. Suppose r = 3*o + 4*o. What is the hundreds digit of o?
1
Suppose -4*w = -v + 4537, v + 21*w - 20*w - 4522 = 0. What is the tens digit of v?
2
Let g(t) = 2*t**2 - 42*t - 3. Let p be 5*(-2 - 124/(-20)). Let w be g(p). What is the tens digit of w - (-3 + (-10)/(-2) + -63)?
5
Let w be (((-220)/16)/11)/(3/12). What is the units digit of 1/(10/(-6)) - 2138/w?
7
Suppose 4*k - 343 = 2*z + 929, 2*z = -k + 318. Let w(s) = -2*s**3 - 22*s**2 + 7*s - 66. Let p be w(-11). Let c = k + p. What is the hundreds digit of c?
1
Let v(c) = -c**3 - 4*c**2 + 11*c. Let o be v(-6). Suppose 32 = o*l + 14. What is the tens digit of l/(-9)*-6 - (-75)/1?
7
Suppose -12158 = -a + 3*b, -5*a + 0*a + 60842 = -2*b. What is the tens digit of a?
7
Let g(h) = -h**3 - 6*h**2 - h + 3. Let m be g(-5). Let v = m + 6. Let b = v - -75. What is the units digit of b?
4
Let s(j) = 2*j**3 - j**2 + 2*j. Let w be ((-3)/(-9))/(1/3). Let q be s(w). What is the tens digit of (-3)/2 + (33/2 - q)?
1
Suppose -3*t + 2*l = -2*t - 50, 0 = 4*t - 5*l - 194. Let k = 53 - t. Suppose 4 = -k*h + 11. What is the units digit of h?
1
What is the thousands digit of (145/(-25) + 6)*13165?
2
Let s(b) be the second derivative of -b**6/40 - b**5/120 + 2*b**4/3 + 2*b. Let y(g) be the third derivative of s(g). What is th